e u(d). Let w = -8 - -15. Calculate the highest common factor of v and w.
7
Let p be (-9)/(-2 + 3/6). Let r(s) = s**3 - 5*s**2 - 5*s - 5. Let u be r(p). Let j be 2 + (0 - (-22 - u)). What is the greatest common factor of j and 5?
5
Let g be (-4)/(-16) + (-49)/4. Let w = 13 + g. Let v be 39*(w/(-3))/(-1). Calculate the highest common factor of 104 and v.
13
Let y be (-190 + 5)*(-3)/((-30)/(-22)). Calculate the highest common divisor of 11 and y.
11
Suppose 0 = x - 2*u - 56, -x + u = 4*x - 280. Calculate the highest common divisor of 21 and x.
7
Suppose 2*f - 6 = 0, -2*s - 3*f = -6*f - 39. Suppose 2*q - q - s = -2*g, -q = -4*g + 48. What is the greatest common factor of g and 60?
12
Let t(p) = p - 5. Let q be t(-5). Let n = q - -15. Suppose n*a = -10, 11 + 5 = k - 4*a. Calculate the highest common divisor of k and 24.
8
Let t(i) = -i**3 - 6*i**2 - 5*i + 4. Let x be t(-5). Let l be x/(-20) + 41/5. Suppose 0 = 4*g - 89 - 263. What is the greatest common divisor of l and g?
8
Let d(p) = p**2 - 24*p + 27. Let n be d(23). Suppose -n*g = 2*s - 70, -4 = s - 9. Calculate the greatest common factor of 5 and g.
5
Let i be (-120)/(-66) - 2/(-11). Suppose 0 = i*w - 4*w + 32. Let z = 98 - 82. What is the greatest common divisor of w and z?
16
Let d be (-4)/8*4 + 78. Calculate the greatest common factor of 4 and d.
4
Suppose -4*z + 9734 = 5*u, 4*u + 5*z = 11566 - 3786. Let l be (u/(-8))/(-13) + 6/(-8). Calculate the highest common factor of l and 54.
18
Let p(g) = 12*g**2 + 5*g + 8. Let u be p(-4). Suppose 3*m + 3*d = -m + u, -4*d = m - 45. What is the greatest common factor of m and 27?
9
Let u be ((-10)/3)/((-1)/3). Let o be ((-5)/30)/(-1) - 105/(-18). Suppose -o*v = 2*v - 80. Calculate the highest common divisor of u and v.
10
Suppose 0 = 8*k - k + 483. Let c = k - -188. Calculate the highest common factor of 17 and c.
17
Let n(a) = -7*a**3 + a**2 + 5. Let j be n(-2). What is the highest common divisor of j and 25?
5
Let y be -4*84/(-40)*(-10)/(-4). Let o = 113 + -71. Calculate the greatest common factor of y and o.
21
Suppose -660 = -28*i + 6*i. What is the greatest common factor of i and 130?
10
Suppose 43899 - 9774 = 21*s. Calculate the greatest common divisor of 130 and s.
65
Let v be (-2)/4 + 4/(-8). Let b = 46 + v. Suppose -22 = -6*l + 32. Calculate the highest common factor of l and b.
9
Suppose 0 = -h - 1 + 31. Let i be -26 + (-4 - -3) + -3. Let w be (36/(-10))/(39/i + 1). What is the highest common divisor of h and w?
6
Let k(x) = 3*x**2 - x - 6. Let c be k(-5). Calculate the highest common factor of 148 and c.
74
Suppose 0 = 6*o - 5*o + 1. Let d be -13*o/(5/5). Let j = 110 + -45. Calculate the highest common divisor of d and j.
13
Let s(r) be the third derivative of -r**4/12 + 5*r**3/6 - 4*r**2. Let z be s(3). Let f be 0 - (z - 62/2). What is the greatest common factor of 8 and f?
8
Suppose -2*p - p + 102 = -x, 2*p = 3*x + 75. Let j = 76 - 127. Let m = -29 - j. Calculate the highest common divisor of p and m.
11
Let r(n) = -16*n - 180. Let w be r(-25). What is the greatest common divisor of 77 and w?
11
Let o be -1 + 0 - -2 - 0. Suppose v - 2*v - 4*a = o, -4*a + 2 = 2*v. Suppose -3*k + h = -4*k + 30, 27 = k + 2*h. What is the greatest common divisor of k and v?
3
Let c be -6 + (1 - 2)*5 + 4. Let u = 11 - c. Let v = -19 - -37. What is the highest common factor of v and u?
18
Let z = -127 - -149. Let c(r) = 54*r + 1. Let g be c(1). Calculate the greatest common factor of z and g.
11
Let f(u) = 2*u**2 - 2*u - 3. Let j be f(3). Suppose 2*l + j = 3*l. Let k(d) = 10*d + 9. Let v be k(9). What is the highest common divisor of l and v?
9
Suppose 3*q - g - 36 = 3*g, -3*g = 0. Let l = -37 + q. Let n = l - -41. What is the highest common factor of 8 and n?
8
Suppose -4*o = 10 - 90. Let r be -3 + 2 - (-3 - -3 - 4). Suppose -r*f - 2*f = -25. What is the highest common factor of f and o?
5
Let m = 8 - 3. Suppose 0*q = -m*q + 540. Let s(c) = -c + 12. Let n be s(0). Calculate the highest common factor of n and q.
12
Suppose -147*a + 138*a + 567 = 0. What is the highest common divisor of 36 and a?
9
Suppose -3*c + 4*k + 3 = k, -2*c - k = -14. Suppose 10 = c*l - g, -7*g = -5*g + 10. Calculate the greatest common factor of l and 4.
1
Let x(q) = -5*q**3 + 2*q**2 + 4*q + 2. Let f be x(-1). Suppose l - 44 = -15. Let k = l + 6. What is the greatest common divisor of f and k?
5
Let r(s) = -s**3 + 8*s**2 + 8*s - 8. Let q be r(8). Let k be 7 + (1 - (-1 + 0)). Let x be k/12 + (-212)/(-16). What is the greatest common factor of q and x?
14
Let o(a) = a**3 - 2*a**2 + 1. Let t be o(-1). Let s(c) = -3*c**3 - 3*c**2 - 2*c + 2. Let w be s(t). Calculate the highest common divisor of 18 and w.
18
Suppose -3*n = 5*r - 189, -n + r + 252 = 3*n. Let a = 123 - n. Calculate the greatest common factor of a and 20.
20
Let m be (-2)/17 + 1484/476. Suppose 0 = m*f + 5*j - 13, -4*f + j = -9 - 16. What is the greatest common factor of f and 102?
6
Suppose 0 = -16*q + 1525 + 939. Calculate the highest common factor of 22 and q.
22
Let p be (8/(-12))/((-2)/(-66)). Let o = p - -24. Let c = -1 - -3. Calculate the greatest common divisor of o and c.
2
Let r(w) = -w**2 + 3*w + 13. Let n be r(-2). Let g be -1 - n*(-3 - -2). Let t = 6 - 4. What is the greatest common divisor of g and t?
2
Suppose -9*u + 7*u = -78. Suppose -u = -2*j + q, 4*q - 3 = -j + 30. Suppose 4*m - 27 - j = 0. Calculate the greatest common divisor of m and 48.
12
Let h(k) = k**3 - 17*k**2 + 3*k + 1. Let u be h(17). Let b = u + -17. Calculate the highest common factor of 5 and b.
5
Suppose -107*g + 88*g = -418. What is the highest common factor of 583 and g?
11
Suppose -10*k + 1188 = -2512. Calculate the greatest common divisor of k and 20.
10
Let a = 140 - 139. Let n be (27 + 0)/(1 - a - -1). Calculate the greatest common divisor of n and 297.
27
Let o be 2/2*(3 + 6). Suppose -2*z + z = -3*m - o, 5*z + 5*m = 45. Let s be (-2*1)/(-10 + z). What is the highest common divisor of 2 and s?
2
Let q be (1 + 1)/((-336)/(-161) + -2). Let j = 31 - q. What is the greatest common divisor of 104 and j?
8
Let m = -37 - -9. Let g = m + 39. What is the highest common factor of 55 and g?
11
Let t = 30 - 50. Let z be 3*t/48*8. Let m = -4 - z. What is the highest common factor of m and 24?
6
Suppose n + 2*b = 3*n - 14, -18 = -3*n + 2*b. Suppose 0 = 3*m + 2*m. Suppose -j = 4, 3*j = 5*w - m*j - 172. What is the greatest common divisor of n and w?
4
Let l(h) = h**3 + 9*h**2 - 9*h - 1. Let j be l(-7). Suppose 11*a - 6*a = j. What is the greatest common factor of 128 and a?
32
Let x(k) = -k + 159. Let n be x(39). Let s be -1*(0 - 3) - -7. Calculate the highest common divisor of s and n.
10
Let l(x) = -6*x - 27. Let n be l(-12). Suppose -j + n = -27. Calculate the highest common divisor of j and 9.
9
Suppose 0 = 5*a + 3*p - 1, -3*p = -5*a + 11 + 8. Let k be a + (-4)/16 + (-2)/(-8). What is the highest common factor of k and 18?
2
Suppose -k + 0*k = -5*o - 1033, -3 = -k. Let s = 224 + o. Let y be (1 - -3)*2/4. Calculate the highest common factor of s and y.
2
Let a = -7 - -1. Let k(t) = -32*t - 20. Let l(b) = -21*b - 13. Let i(m) = -5*k(m) + 8*l(m). Let c be i(a). What is the highest common divisor of c and 22?
22
Let v be (5 + 189/14)/((-1)/(-2)). What is the highest common divisor of v and 851?
37
Let n = 109 + -77. What is the highest common divisor of 112 and n?
16
Suppose 0*w - w - 5*z + 19 = 0, 5*z - 11 = w. Calculate the highest common divisor of 44 and w.
4
Let g be (-144)/14 + (-4)/(-14). Let o(t) = t**3 + 11*t**2 + 4*t - 9. Let k be o(g). What is the greatest common divisor of 17 and k?
17
Suppose 37 = t + 3*g, -8*t - 5*g = -10*t + 63. What is the highest common factor of t and 14?
2
Suppose -3*o + 717 + 87 = -3*y, -o - 4*y + 288 = 0. Calculate the highest common factor of o and 17.
17
Suppose -5*y - 15 = 0, -975 = 3*f - 7*f + 5*y. Calculate the greatest common factor of f and 6.
6
Suppose 2*t - 4*m = 12, t = 5*t + 5*m - 11. Suppose 4*b = 8 + t. Suppose -4*v + 28 = -b*v. Calculate the greatest common divisor of v and 4.
4
Suppose v + v = 0. Suppose v*f - 7*f + 42 = 0. What is the highest common factor of f and 66?
6
Let u = 888 - 878. What is the greatest common factor of u and 115?
5
Suppose q - 5*x = -11, -2*q + 9*x - 36 = 6*x. Let h = -1